at is the remainder when ((-12)/(-8))/(36/552) is divided by 4?
3
Let i(c) = c**3 + 5*c**2 - 2*c - 9. Let u be i(-6). Let n = -21 - u. What is the remainder when 33 is divided by n?
9
Let y(v) = 2 + 3 + 3*v - v. Let k(u) = -u**2 - 4*u + 7. What is the remainder when y(6) is divided by k(-3)?
7
Calculate the remainder when 321 is divided by 10*(5 + 4 - -1).
21
Let g be (-159)/(-6)*(-4)/2. Let b = -32 - g. Suppose -164 = -3*i + i. What is the remainder when i is divided by b?
19
Let r(c) = 6*c + 23. Let k be r(-4). Let y = 31 - k. What is the remainder when y is divided by 11?
10
Suppose 3*o = -5*b - 6 - 24, -3*b - 2*o - 18 = 0. Let t(k) = k**3 + 8*k**2 - 2*k - 4. What is the remainder when t(b) is divided by 27?
26
Suppose -3*o - 2*o = -40. Suppose -o = -4*c + 96. Calculate the remainder when c is divided by 9.
8
Let a = 1 + 4. Let m(u) = -u**2 + 3*u. Let c be m(a). Let v(h) = -h**2 - 11*h - 2. What is the remainder when 29 is divided by v(c)?
5
Let b be 0/2 + (-624)/(-4). What is the remainder when b/30*(0 - -5) is divided by 2/(0 - 2) + (-136)/(-17)?
5
Let k = 71 - 34. Let m(o) be the second derivative of o**5/20 - 2*o**4/3 - 4*o**3/3 + 5*o**2 + 12*o. Calculate the remainder when k is divided by m(9).
18
Let d(f) = -2*f**3 - 6*f**2 - 21*f - 19. What is the remainder when d(-5) is divided by 78?
30
Let m be (2 - 3)*(5 + -8). Suppose -3*o - 5*r + 59 = 0, 1 = -o + 2*o - m*r. What is the remainder when o is divided by 16/16*4*2?
5
Let n(w) = 5*w**3 + 71*w**2 - 5*w + 33. What is the remainder when n(-14) is divided by 15?
14
Let n(h) = 21*h + 8. Let t be n(-3). Let l = -44 - t. What is the remainder when l is divided by 8?
3
Suppose -3*m + 2*d = -8, 3*m + 3*d = 16 + 17. Calculate the remainder when 28 is divided by m.
4
Let b = -21 + 37. Suppose 26 = 3*r - 0*r + 5*x, 0 = 4*r + 2*x - b. Let p(d) = -d**2 + 7*d - 4. Calculate the remainder when r is divided by p(6).
0
Let a(q) = 8*q**2 - 59*q - 6. Calculate the remainder when 1630 is divided by a(8).
32
Let u = 42 - 36. Let l = u + -2. Suppose -z - 108 = -l*z. Calculate the remainder when 143 is divided by z.
35
Suppose a + 32 = -3*a. What is the remainder when 25 is divided by (-2)/a - 102/(-8)?
12
Suppose 0 = n - 4 - 9. What is the remainder when -8*((-128)/22 - 110/605) is divided by n?
9
Calculate the remainder when ((-22)/(-77) + 34/28)*14 is divided by 11.
10
Let p be (459/(-18))/((-1)/4*-2). Let f = p - -85. What is the remainder when f is divided by 9?
7
Suppose 30*w = 25*w, -5*m = 4*w - 210. Calculate the remainder when 166 is divided by m.
40
Suppose 32*j = 31*j + 21. Let l(u) = 2*u**2 - 40*u - 28. Calculate the remainder when l(j) is divided by 5 - (2*1)/2.
2
Calculate the remainder when -13*(-88)/3718 + 222/39 is divided by ((-12)/9)/(4/(-6)).
0
Let r(m) = -m**3 + 11*m**2 - 2*m + 51. What is the remainder when 82 is divided by r(11)?
24
Suppose 0 = -2*w - 4*m - 292, 188 + 408 = -4*w - 5*m. Let r = -88 - w. Calculate the remainder when r is divided by 10.
6
Let q(x) = x + 15. Let k be q(-12). Suppose -5*i = -k*i. Suppose 4*l + l - b - 76 = i, 4*b - 71 = -5*l. What is the remainder when 42 is divided by l?
12
Let o = 24 - 14. Let g be 138/o - 2/(-10). Suppose 0 = -3*d + 4 + g. Calculate the remainder when 16 is divided by d.
4
Suppose 5*q - 160 = 5*o, -104 = -4*q - 5*o - 21. What is the remainder when 531 is divided by q?
18
Suppose 0 = -2*y + 10 + 10. Let j be (-328)/(-28) + 10/35. Suppose 69 = 4*p + c, p - 12*c - j = -7*c. What is the remainder when p is divided by y?
7
Let w = 782 + -463. What is the remainder when w is divided by 30?
19
Suppose 4*d = 5*t + 652, -3*d + 5*t + 494 = -0*t. Suppose 26 = -4*y + d. Suppose -7*p = 13*p - 240. What is the remainder when y is divided by p?
9
Let p(b) = 9*b + 3. Let s be p(-2). Calculate the remainder when 88 is divided by (-18)/s*(10 - -5).
16
Suppose 70*r - 813 = 67*r. What is the remainder when r is divided by 69?
64
Suppose -3*r - 44 = r. Calculate the remainder when 1*-4 + (52 - r) is divided by 31.
28
Suppose -424*d = -419*d - 285. Calculate the remainder when d is divided by 15.
12
Calculate the remainder when 2/(13*24/99996) is divided by 14.
11
Suppose 6 = -3*t + 48. What is the remainder when 0 + 4 + -6 + 42 is divided by t?
12
Suppose 0 = h + w - 12, 2*h + 2 - 6 = 2*w. What is the remainder when 17 is divided by h?
3
Let y = -946 + 1006. What is the remainder when 537 is divided by y?
57
Suppose 5*v + 19 - 84 = 0. Let o = -32 - -68. What is the remainder when o is divided by v?
10
Suppose 4*w = 2*w - 5*f + 470, 3*w - 5*f = 755. What is the remainder when w is divided by 50?
45
Suppose a + 5*o = -0*o - 4, 4*a + o = 22. Let c = a - -7. What is the remainder when 23 is divided by c?
10
What is the remainder when 48 is divided by (4/22 + (-133)/(-418))*38?
10
Let y(s) = 29*s**3 - 2*s - 1. Let r be y(-1). Let n = r + 46. What is the remainder when 69 is divided by n?
15
Let m = -1449 - -1460. What is the remainder when 90 is divided by m?
2
Let c(l) = 5*l + 5. Let a be c(-6). Let m = -15 - a. Suppose -2 + m = 2*p. What is the remainder when 11 is divided by p?
3
Suppose 3*z = -6 + 12. What is the remainder when -1*-12*4 - z is divided by 12?
10
Let y(t) = t**3 + 4*t**2 - 7*t + 10. Calculate the remainder when 180 is divided by y(-4).
28
Let j = 15 + -3. Let o(y) = -2*y**3 - 27*y**2 + 10*y + 24. Calculate the remainder when o(-14) is divided by j.
8
Suppose 2*b = 4*p - 102, 4*p - 103 = 6*b - 3*b. Let f = p - 17. Suppose -4*v + 5*a - 7 = -112, 3*a - 9 = 0. What is the remainder when v is divided by f?
6
Let m(k) = 0*k**2 + 5*k**2 - 1 - k**3 - 10*k + 7*k**2 + 0. Calculate the remainder when 45 is divided by m(11).
5
Calculate the remainder when (-760)/(-14) + 4*2/(-28) is divided by 11.
10
Let w = 283 + -242. Calculate the remainder when 325 is divided by w.
38
Let j be (1 + 0)/(8 + -7). Suppose 2*g + 8 = 4*g. What is the remainder when g is divided by 2 + 2 + -3 + j?
0
Suppose 13*a - 1335 + 191 = 0. Calculate the remainder when a is divided by 14.
4
Let g(d) = -58*d - 5. Calculate the remainder when g(-18) is divided by 5.
4
Let i(b) be the second derivative of -b**3/3 - 3*b**2/2 - 7*b. What is the remainder when 28 is divided by i(-5)?
0
Let j = -13 - -1. Let n = 29 - j. Let b = -16 + n. Calculate the remainder when b is divided by 7.
4
Suppose 0 = -5*i + 8*i - 12. Suppose 3*m + z = 62, 0*m + 1 = -m + i*z. Calculate the remainder when 74 is divided by m.
17
Let g(z) = z**3 + 4*z**2 - 5*z. Let x be g(-5). Suppose x = 14*n + 98 - 336. Calculate the remainder when n is divided by 5.
2
Let z = -311 - -683. What is the remainder when z is divided by 34?
32
Let f = -245 + 269. Calculate the remainder when 30 is divided by f.
6
What is the remainder when ((-165)/(-11))/(-5)*(-60)/9 is divided by 9?
2
Let k = 29 - 23. Suppose k*o - 64 - 32 = 0. Calculate the remainder when 30 is divided by o.
14
Suppose 79*h - 97*h + 2952 = 0. What is the remainder when h is divided by 29?
19
Let m(w) = -3*w**3 + 6*w**2 - 5*w**2 + w - 2*w - 3. Let h = 379 + -381. What is the remainder when m(h) is divided by 10?
7
Let p(m) = -m**3 + 5*m**2 - 2*m - 2. Let o be p(4). Let a be (-1)/(o/(-9))*-4. What is the remainder when 44 is divided by (-99)/a + (-3)/2?
14
Suppose -15*y = -19*y + 56. Let i = -56 + 96. What is the remainder when i is divided by y?
12
Let c(b) = 51*b + 5. Let l be c(4). Suppose -l = -5*v - 34. What is the remainder when v is divided by 4*(-7 - (-222)/24)?
8
Suppose 3*b = -2*t - t, 2*t + 4*b + 4 = 0. Let q = 6 - t. Suppose -3*g - 3*k + 8*k = -75, -5*g + 162 = q*k. Calculate the remainder when 59 is divided by g.
29
Suppose -3*v + 41 = 5. Suppose -25*h - 172 = -29*h. Calculate the remainder when h is divided by v.
7
Let j(r) = -r**2 - 8*r - 15. Let p be j(-6). Let a(n) = -18*n + 8. What is the remainder when a(p) is divided by 21?
20
Let i(o) = o + 4. Suppose 4*z - 8 = 0, 0*z = -l - 5*z + 10. Let f be i(l). Suppose g - 22 = -f. What is the remainder when 53 is divided by g?
17
Suppose -46 + 1 = -5*c. Calculate the remainder when 53 is divided by c.
8
Let k = 57 - 85. Let n be (-3 - -1)/(12/282). Let m = k - n. What is the remainder when 35 is divided by m?
16
Suppose -375*w = -374*w - 20. Calculate the remainder when 336 is divided by w.
16
Suppose -